hest common divisor of h and j.
1
Suppose 4539*v - 1349 = 4520*v. What is the highest common divisor of 7 and v?
1
Suppose 2*q = -3*i + 228 + 377, 2*i = -4*q + 398. What is the greatest common divisor of i and 140?
7
Let w(b) = 36*b - 23*b - 29*b - 3 - 19. Let m be w(-3). Calculate the highest common divisor of m and 169.
13
Suppose 0 = n + 3*t - 11, 3*n = 2*n + 3*t + 29. Let y be (387/12 - 1)/((-75)/(-24) + -3). What is the highest common divisor of n and y?
10
Let i(h) = 14*h. Let y be i(1). Let r = 685 + -350. Suppose 4*p + 0*w + w - 283 = 0, 0 = -5*p + 5*w + r. What is the highest common divisor of p and y?
14
Let v(h) be the third derivative of -h**6/120 + h**5/60 - 5*h**4/8 - 85*h**3/6 - 5*h**2 - 7. Let z be v(-9). What is the highest common factor of z and 40?
20
Suppose -6*n - m = -7*n - 2, 4 = m. Let t be (-119)/n*(-102)/119. Calculate the greatest common divisor of t and 374.
17
Suppose -4*i - 10 = -9*i. Suppose i*x - 9 = 7. Suppose -2*y = -3*a + 44 - 64, 4*a = 3*y - 27. Calculate the greatest common factor of y and x.
1
Suppose 26269 = 4*a + 5*w, -14*a + 12*w + 91849 = 11*w. Calculate the greatest common factor of 324 and a.
81
Let n be (-793 - 1)*2/(-4) + -5. What is the greatest common divisor of 616 and n?
56
Let w(o) = o + 9. Let p be w(-5). Suppose -p*s + 0*s + 97 = a, -s + 409 = 5*a. Let v = a - 45. What is the highest common divisor of v and 9?
9
Let d(c) = -10 - 3*c**2 + c**2 + c**3 - 2*c**2 - 12*c. Let h be d(6). Let r(w) = w + 12. Let z be r(h). Calculate the greatest common divisor of z and 6.
2
Let k be (20/(-7))/((-79)/2765). Suppose 4*j + 3*p - 122 = 101, p = 4*j - 235. Let a = j + -38. What is the highest common factor of k and a?
20
Let f(j) = -2*j**2 + 2*j + 1188. Let u be f(0). Let c = -5116 + 5224. Calculate the highest common factor of c and u.
108
Let d be (-64)/(-60)*3*15. Suppose 345 - 4041 = -14*p. What is the greatest common factor of p and d?
24
Suppose 9 = -6*a + 9. Suppose q - 18 = -a. Calculate the highest common divisor of q and 6.
6
Let t = 1300 - 936. What is the greatest common divisor of 52 and t?
52
Suppose -2*c + 1151 = -o, -o - 2 = o. Calculate the greatest common factor of c and 46.
23
Let b(s) = -3*s + 20. Let p be b(4). Suppose 7*q - p*q + 6 = 2*v, 0 = q - v - 21. What is the greatest common factor of q and 136?
8
Let x be 2 - (17/6 + -1) - 15715/(-210). Calculate the greatest common factor of x and 6900.
75
Let o be 16*75/(-240) + 10*73. What is the greatest common divisor of 525 and o?
25
Suppose -30420 = -68*u + 59*u + 5049. What is the greatest common factor of 7 and u?
7
Suppose -3*v + 8*v = -7*z + 3976, 0 = -5*z - 35. Calculate the greatest common divisor of 253 and v.
23
Let h(w) = -w**2 + 64*w - 167. Let r be h(61). Let v = 287 + -279. Calculate the highest common factor of r and v.
8
Suppose 37514 = -5*n + 35*n - 16756. What is the highest common divisor of n and 54?
27
Suppose 13*b = 2076 + 394. What is the greatest common factor of 7790 and b?
190
Let j(t) = 80*t**2 - t + 1. Let u be j(1). Suppose -m = 4, x - 34 = 3*x + 4*m. Let a be x/(-12) - 305/(-20). What is the greatest common divisor of u and a?
16
Suppose 0 = -12*h + h - 14*h + 775. Calculate the greatest common divisor of 2077 and h.
31
Let d be (-2 - -119)*(-3)/(-9). Let z = d - 27. Let k be (-4)/((-20)/21) - 2/10. What is the highest common factor of z and k?
4
Suppose -103 = -k - 83. Suppose 2*t - z - k = 0, 3*z = 2*t - 0*z - 16. Suppose -2*w = -t*w + 1350. What is the highest common divisor of 25 and w?
25
Suppose 337*b - 81474 - 1178232 = 0. Calculate the greatest common factor of b and 42.
42
Suppose 20*m - 37915 = 4205. Calculate the greatest common factor of 648 and m.
162
Let f = 34351 - 34306. Let x(i) = 194*i**3 + 2*i**2 - 1. Let z be x(1). Calculate the highest common divisor of z and f.
15
Let s(o) = -53*o + 643. Let z be s(7). Calculate the greatest common factor of z and 848.
16
Let r be (6 - (-105 - 9))*((-30)/(-12) - 2). What is the greatest common divisor of r and 224?
4
Let k be 18*(-9)/(-81) - (-5 + 1 + 1). Calculate the highest common divisor of k and 27.
1
Let o(u) = 153*u**2 + 5*u - 9. Let h be o(-3). Suppose 0 = -15*t + h + 3327. What is the highest common divisor of t and 96?
24
Let j(s) = 64*s - 940. Let f be j(19). What is the greatest common factor of f and 598?
46
Let r(i) = i**2 + 19*i - 2. Let a be r(-19). Let f be 155 - (a - 6/(-6)). What is the greatest common divisor of 12 and f?
12
Suppose -5*f - 2*a + 705 = 0, 348*f + 5*a + 141 = 349*f. Let l be -10*(-2)/4 - -1. Calculate the greatest common divisor of l and f.
3
Let v(q) = q**3 + 3*q**2 - 10*q + 93. Let f be v(9). What is the highest common factor of f and 1053?
39
Let p = -4991 + 5798. Calculate the highest common factor of p and 3.
3
Suppose 3*x - 2450 = 5*c + 1519, 0 = x + 5*c - 1363. Calculate the highest common factor of x and 215.
43
Let t = 234 - 229. Suppose -12 - 23 = -5*p. Suppose t = -n + p. What is the greatest common divisor of n and 8?
2
Let f(r) = -r + 5. Let j be f(-7). Let u be 9/j + (-210)/(-40). Let n be 11*-2*1*(-21)/u. What is the greatest common factor of n and 7?
7
Suppose -5*z + 0*z - 450 = 0. Suppose -5*q = -4*s + 578, 564 = 4*s + 4*q - 2*q. Let v = z + s. What is the highest common factor of 13 and v?
13
Suppose 2*h - t - 91 = 0, -227*t = -225*t - 10. What is the greatest common factor of 1488 and h?
48
Suppose 6*t - 2*t + u + 8 = 0, 4*t + 2*u + 12 = 0. Let n be -2 - 21/t - (0 + 1). Let i = 31 - n. What is the greatest common factor of 13 and i?
13
Suppose -4*a + 5*a + 4*i + 9 = 0, 0 = a + 3*i + 7. Let k be (2 + a)*-6 - -12. Calculate the greatest common divisor of 54 and k.
6
Suppose -4662 = -8*f + 3874. Let b = -259 + f. What is the highest common divisor of 101 and b?
101
Suppose -16*h + 6*h + 8346 = 29*h. Calculate the highest common divisor of 107 and h.
107
Let l(s) = 15*s**2 + s - 4. Let z be l(4). Suppose -46 = -q - f, 198 = -132*q + 136*q - 3*f. What is the greatest common factor of q and z?
48
Let h = 2256 - 2106. Calculate the greatest common factor of h and 40.
10
Let c(j) = -j**2 + 28*j - 54. Let b be (2 + 22)/(-8) - (-1 - 27). Let x be c(b). Let g = 0 + 3. Calculate the highest common factor of x and g.
3
Suppose 0 = -2*x - 0*x - 134. Let s = -32 - x. Suppose 6*m - 1457 = v, -3*v = -16*m + 11*m + 1186. Calculate the highest common divisor of s and m.
35
Suppose -5*p = 3*b - 662 + 77, p = 3. What is the greatest common factor of 2945 and b?
95
Let p = 2866 - 2764. Calculate the highest common factor of 156 and p.
6
Let x = -56 - -61. Suppose -l - 12 = x*w - 157, 2*l = 5*w + 260. Let o be ((-27)/(-2))/((-16)/(-32)). What is the highest common divisor of l and o?
27
Suppose g - 4*o = 32, -g - 4*o + 20 = -2*o. Let h = 172355 + -172187. Calculate the highest common divisor of h and g.
24
Let o = -52 - -61. Suppose 2*l - o*l = -1015. Let c(u) = 57*u**2 + 4*u - 3. Let d be c(1). What is the highest common factor of l and d?
29
Let q = -347 + 572. Suppose -8*n - 3*t + 348 = 0, 10*t - 29 = -n + 6*t. Calculate the highest common divisor of q and n.
45
Let j be ((-38)/(-8))/((-5)/20). Let d = 17 + j. Let v be (-820)/d + 2 + 1 + -6. Calculate the highest common divisor of 37 and v.
37
Let g(v) = 34*v - 53*v + 1 - 11*v - 68*v. Let h be g(-2). Suppose 223 + h = 5*x. Calculate the highest common factor of 12 and x.
12
Let t(l) = 9*l - 514. Let a be t(76). What is the highest common factor of a and 470?
10
Let z = 370 - 376. Let f be -20*z/48*(-54)/(-15). What is the greatest common factor of f and 39?
3
Let u be 0 + (-6)/(-9)*78. Calculate the highest common factor of u and 1508.
52
Suppose 0 = -24*a + 15404 + 38980. Calculate the highest common divisor of 206 and a.
206
Suppose 6 = 2*v - 3*f - 51, 5*f - 15 = 0. Let k be -9*1 - (-361 - v). Calculate the highest common factor of 220 and k.
55
Let z = 67 + 14. Let g(p) = -p**3 + 39*p**2 - 139*p + 19. Let w be g(35). Calculate the greatest common divisor of w and z.
27
Let v = 7723 + -6344. Calculate the highest common divisor of v and 28.
7
Let v(l) = l**3 - 5*l + 17. Let n be v(5). Let p be ((-459)/(-34))/((-2)/(-12)*3). Calculate the highest common divisor of p and n.
9
Let x be (40/3)/(-10) - (-3410)/33. Suppose 357 = -0*y + y. Calculate the highest common d